{"id":85,"date":"2016-05-13T20:30:48","date_gmt":"2016-05-13T20:30:48","guid":{"rendered":"https:\/\/timeoutmarket.loadhtl.com\/porto\/?page_id=85"},"modified":"2024-05-07T15:52:29","modified_gmt":"2024-05-07T15:52:29","slug":"quem-somos","status":"publish","type":"page","link":"https:\/\/timeoutmarket.loadhtl.com\/porto\/quem-somos\/","title":{"rendered":"Quem somos"},"content":{"rendered":"","protected":false},"excerpt":{"rendered":"","protected":false},"author":1,"featured_media":5414,"parent":0,"menu_order":0,"comment_status":"closed","ping_status":"closed","template":"page-templates\/concept_2.php","meta":{"footnotes":""},"yoast_head":"<!-- This site is optimized with the Yoast SEO plugin v22.6 - https:\/\/yoast.com\/wordpress\/plugins\/seo\/ -->\n<title>Conceito do Mercado | Time Out Market Porto<\/title>\n<meta name=\"description\" content=\"Reunimos os melhores restaurantes, chefs e eventos no mesmo mercado para criar a melhor experi\u00eancia gastron\u00f3mica para os nossos visitantes. Saiba mais aqui!\" \/>\n<meta name=\"robots\" content=\"index, follow, max-snippet:-1, max-image-preview:large, max-video-preview:-1\" \/>\n<link rel=\"canonical\" href=\"https:\/\/timeoutmarket.loadhtl.com\/porto\/quem-somos\/\" \/>\n<meta property=\"og:locale\" content=\"pt_PT\" \/>\n<meta property=\"og:type\" content=\"article\" \/>\n<meta property=\"og:title\" content=\"Conceito do Mercado | Time Out Market Porto\" \/>\n<meta property=\"og:description\" content=\"Reunimos os melhores restaurantes, chefs e eventos no mesmo mercado para criar a melhor experi\u00eancia gastron\u00f3mica para os nossos visitantes. Saiba mais aqui!\" \/>\n<meta property=\"og:url\" content=\"https:\/\/timeoutmarket.loadhtl.com\/porto\/quem-somos\/\" \/>\n<meta property=\"og:site_name\" content=\"Time Out Market Porto\" \/>\n<meta property=\"article:publisher\" content=\"https:\/\/www.facebook.com\/TimeOutMarketLisboa\/\" \/>\n<meta property=\"article:modified_time\" content=\"2024-05-07T15:52:29+00:00\" \/>\n<meta property=\"og:image\" content=\"https:\/\/timeoutmarket.loadhtl.com\/porto\/wp-content\/uploads\/2024\/01\/TOM-PORTO_Vista-exterior_-1.jpg\" \/>\n\t<meta property=\"og:image:width\" content=\"2000\" \/>\n\t<meta property=\"og:image:height\" content=\"915\" \/>\n\t<meta property=\"og:image:type\" content=\"image\/jpeg\" \/>\n<meta name=\"twitter:card\" content=\"summary_large_image\" \/>\n<meta name=\"twitter:label1\" content=\"Tempo estimado de leitura\" \/>\n\t<meta name=\"twitter:data1\" content=\"1 minuto\" \/>\n<script type=\"application\/ld+json\" class=\"yoast-schema-graph\">{\"@context\":\"https:\/\/schema.org\",\"@graph\":[{\"@type\":\"WebPage\",\"@id\":\"https:\/\/timeoutmarket.loadhtl.com\/porto\/quem-somos\/\",\"url\":\"https:\/\/timeoutmarket.loadhtl.com\/porto\/quem-somos\/\",\"name\":\"Conceito do Mercado | Time Out Market Porto\",\"isPartOf\":{\"@id\":\"https:\/\/timeoutmarket.loadhtl.com\/porto\/#website\"},\"primaryImageOfPage\":{\"@id\":\"https:\/\/timeoutmarket.loadhtl.com\/porto\/quem-somos\/#primaryimage\"},\"image\":{\"@id\":\"https:\/\/timeoutmarket.loadhtl.com\/porto\/quem-somos\/#primaryimage\"},\"thumbnailUrl\":\"https:\/\/timeoutmarket.loadhtl.com\/porto\/wp-content\/uploads\/2024\/01\/TOM-PORTO_Vista-exterior_-1.jpg\",\"datePublished\":\"2016-05-13T20:30:48+00:00\",\"dateModified\":\"2024-05-07T15:52:29+00:00\",\"description\":\"Reunimos os melhores restaurantes, chefs e eventos no mesmo mercado para criar a melhor experi\u00eancia gastron\u00f3mica para os nossos visitantes. Saiba mais aqui!\",\"breadcrumb\":{\"@id\":\"https:\/\/timeoutmarket.loadhtl.com\/porto\/quem-somos\/#breadcrumb\"},\"inLanguage\":\"pt-PT\",\"potentialAction\":[{\"@type\":\"ReadAction\",\"target\":[\"https:\/\/timeoutmarket.loadhtl.com\/porto\/quem-somos\/\"]}]},{\"@type\":\"ImageObject\",\"inLanguage\":\"pt-PT\",\"@id\":\"https:\/\/timeoutmarket.loadhtl.com\/porto\/quem-somos\/#primaryimage\",\"url\":\"https:\/\/timeoutmarket.loadhtl.com\/porto\/wp-content\/uploads\/2024\/01\/TOM-PORTO_Vista-exterior_-1.jpg\",\"contentUrl\":\"https:\/\/timeoutmarket.loadhtl.com\/porto\/wp-content\/uploads\/2024\/01\/TOM-PORTO_Vista-exterior_-1.jpg\",\"width\":2000,\"height\":915},{\"@type\":\"BreadcrumbList\",\"@id\":\"https:\/\/timeoutmarket.loadhtl.com\/porto\/quem-somos\/#breadcrumb\",\"itemListElement\":[{\"@type\":\"ListItem\",\"position\":1,\"name\":\"Home\",\"item\":\"https:\/\/timeoutmarket.loadhtl.com\/porto\/\"},{\"@type\":\"ListItem\",\"position\":2,\"name\":\"Quem somos\"}]},{\"@type\":\"WebSite\",\"@id\":\"https:\/\/timeoutmarket.loadhtl.com\/porto\/#website\",\"url\":\"https:\/\/timeoutmarket.loadhtl.com\/porto\/\",\"name\":\"Time Out Market Porto\",\"description\":\"O MELHOR DO PORTO DEBAIXO DO MESMO TECTO\",\"potentialAction\":[{\"@type\":\"SearchAction\",\"target\":{\"@type\":\"EntryPoint\",\"urlTemplate\":\"https:\/\/timeoutmarket.loadhtl.com\/porto\/?s={search_term_string}\"},\"query-input\":\"required name=search_term_string\"}],\"inLanguage\":\"pt-PT\"}]}<\/script>\n<!-- \/ Yoast SEO plugin. -->","yoast_head_json":{"title":"Conceito do Mercado | Time Out Market Porto","description":"Reunimos os melhores restaurantes, chefs e eventos no mesmo mercado para criar a melhor experi\u00eancia gastron\u00f3mica para os nossos visitantes. Saiba mais aqui!","robots":{"index":"index","follow":"follow","max-snippet":"max-snippet:-1","max-image-preview":"max-image-preview:large","max-video-preview":"max-video-preview:-1"},"canonical":"https:\/\/timeoutmarket.loadhtl.com\/porto\/quem-somos\/","og_locale":"pt_PT","og_type":"article","og_title":"Conceito do Mercado | Time Out Market Porto","og_description":"Reunimos os melhores restaurantes, chefs e eventos no mesmo mercado para criar a melhor experi\u00eancia gastron\u00f3mica para os nossos visitantes. Saiba mais aqui!","og_url":"https:\/\/timeoutmarket.loadhtl.com\/porto\/quem-somos\/","og_site_name":"Time Out Market Porto","article_publisher":"https:\/\/www.facebook.com\/TimeOutMarketLisboa\/","article_modified_time":"2024-05-07T15:52:29+00:00","og_image":[{"width":2000,"height":915,"url":"https:\/\/timeoutmarket.loadhtl.com\/porto\/wp-content\/uploads\/2024\/01\/TOM-PORTO_Vista-exterior_-1.jpg","type":"image\/jpeg"}],"twitter_card":"summary_large_image","twitter_misc":{"Tempo estimado de leitura":"1 minuto"},"schema":{"@context":"https:\/\/schema.org","@graph":[{"@type":"WebPage","@id":"https:\/\/timeoutmarket.loadhtl.com\/porto\/quem-somos\/","url":"https:\/\/timeoutmarket.loadhtl.com\/porto\/quem-somos\/","name":"Conceito do Mercado | Time Out Market Porto","isPartOf":{"@id":"https:\/\/timeoutmarket.loadhtl.com\/porto\/#website"},"primaryImageOfPage":{"@id":"https:\/\/timeoutmarket.loadhtl.com\/porto\/quem-somos\/#primaryimage"},"image":{"@id":"https:\/\/timeoutmarket.loadhtl.com\/porto\/quem-somos\/#primaryimage"},"thumbnailUrl":"https:\/\/timeoutmarket.loadhtl.com\/porto\/wp-content\/uploads\/2024\/01\/TOM-PORTO_Vista-exterior_-1.jpg","datePublished":"2016-05-13T20:30:48+00:00","dateModified":"2024-05-07T15:52:29+00:00","description":"Reunimos os melhores restaurantes, chefs e eventos no mesmo mercado para criar a melhor experi\u00eancia gastron\u00f3mica para os nossos visitantes. Saiba mais aqui!","breadcrumb":{"@id":"https:\/\/timeoutmarket.loadhtl.com\/porto\/quem-somos\/#breadcrumb"},"inLanguage":"pt-PT","potentialAction":[{"@type":"ReadAction","target":["https:\/\/timeoutmarket.loadhtl.com\/porto\/quem-somos\/"]}]},{"@type":"ImageObject","inLanguage":"pt-PT","@id":"https:\/\/timeoutmarket.loadhtl.com\/porto\/quem-somos\/#primaryimage","url":"https:\/\/timeoutmarket.loadhtl.com\/porto\/wp-content\/uploads\/2024\/01\/TOM-PORTO_Vista-exterior_-1.jpg","contentUrl":"https:\/\/timeoutmarket.loadhtl.com\/porto\/wp-content\/uploads\/2024\/01\/TOM-PORTO_Vista-exterior_-1.jpg","width":2000,"height":915},{"@type":"BreadcrumbList","@id":"https:\/\/timeoutmarket.loadhtl.com\/porto\/quem-somos\/#breadcrumb","itemListElement":[{"@type":"ListItem","position":1,"name":"Home","item":"https:\/\/timeoutmarket.loadhtl.com\/porto\/"},{"@type":"ListItem","position":2,"name":"Quem somos"}]},{"@type":"WebSite","@id":"https:\/\/timeoutmarket.loadhtl.com\/porto\/#website","url":"https:\/\/timeoutmarket.loadhtl.com\/porto\/","name":"Time Out Market Porto","description":"O MELHOR DO PORTO DEBAIXO DO MESMO TECTO","potentialAction":[{"@type":"SearchAction","target":{"@type":"EntryPoint","urlTemplate":"https:\/\/timeoutmarket.loadhtl.com\/porto\/?s={search_term_string}"},"query-input":"required name=search_term_string"}],"inLanguage":"pt-PT"}]}},"publishpress_future_action":{"enabled":false,"date":"2026-05-09 17:50:49","action":"change-status","newStatus":"draft","terms":[],"taxonomy":""},"acf":{"title":"O MELHOR DO PORTO DEBAIXO DO MESMO TECTO","left-column":"<p>O que \u00e9 que faz uma marca editorial pendurada no tecto da ala sul de uma das esta\u00e7\u00f5es de comboios mais bonitas da cidade do Porto? Ou uma equipa de jornalistas \u00e0 frente de um dos maiores espa\u00e7os gastron\u00f3micos do mundo? As respostas est\u00e3o no nome do projecto: Time Out Market.<br \/>\nO Time Out Market \u00e9 o primeiro mercado gastron\u00f3mico e cultural do mundo com curadoria editorial, reunindo os melhores chefs, restaurantes e experi\u00eancias culturais \u00fanicas da cidade sob o mesmo tecto.<br \/>\nUm conceito criado de raiz pela equipa da revista Time Out Portugal em 2014, apenas com as melhores ideias e neg\u00f3cios da cidade \u2013 de acordo com a equipa editorial \u2013 reunidas num edif\u00edcio hist\u00f3rico da cidade.<br \/>\nDe Portugal para o mundo, o conceito cresceu para Mercados em cidades como Nova Iorque, Boston, Chicago, Montreal, Dubai e Cidade do Cabo. Agora, chegou a vez do Time Out Market Porto apresentar \u00e0 invicta o talento culin\u00e1rio da sua cidade reunido numa localiza\u00e7\u00e3o ic\u00f3nica, a ala sul da esta\u00e7\u00e3o de S\u00e3o Bento.<br \/>\nOcupando uma \u00e1rea de 2 mil metros quadrados, o Time Out Market Porto conta com 16 espa\u00e7os: 12 restaurantes, 2 bares, uma torre com duas unidades com vista privilegiada sobre a cidade e um espa\u00e7o exterior.<br \/>\nComo em todos os Time Out Market, o Time Out Market Porto segue a mesma regra simples: se \u00e9 bom vem na revista, se \u00e9 \u00f3ptimo vai para o mercado. Tudo o que provar aqui \u00e9 fruto de uma selec\u00e7\u00e3o cuidadosa de tudo o que h\u00e1 para comer, beber e ver na cidade, reunida debaixo do mesmo tecto, no cora\u00e7\u00e3o da baixa portuense.<\/p>\n","right-column":"<p>No total, ter\u00e1 14 restaurantes, dois bares e uma estrutura vertical, em ferro e vidro, que recupera a imagem dos dep\u00f3sitos de \u00e1gua elevados das esta\u00e7\u00f5es de caminho de ferro, da autoria do arquitecto Souto Moura.<\/p>\n","galeria":[{"ID":5414,"id":5414,"title":"TOM-PORTO_Vista-exterior_","filename":"TOM-PORTO_Vista-exterior_-1.jpg","url":"https:\/\/timeoutmarket.loadhtl.com\/porto\/wp-content\/uploads\/2024\/01\/TOM-PORTO_Vista-exterior_-1.jpg","alt":"","author":"1","description":"","caption":"","name":"tom-porto_vista-exterior_-2","date":"2024-01-03 15:55:42","modified":"2024-02-20 16:21:44","mime_type":"image\/jpeg","type":"image","icon":"https:\/\/timeoutmarket.loadhtl.com\/porto\/wp-includes\/images\/media\/default.png","width":2000,"height":915,"sizes":{"thumbnail":"https:\/\/timeoutmarket.loadhtl.com\/porto\/wp-content\/uploads\/2024\/01\/TOM-PORTO_Vista-exterior_-1-320x146.jpg","thumbnail-width":320,"thumbnail-height":146,"medium":"https:\/\/timeoutmarket.loadhtl.com\/porto\/wp-content\/uploads\/2024\/01\/TOM-PORTO_Vista-exterior_-1-300x137.jpg","medium-width":300,"medium-height":137,"medium_large":"https:\/\/timeoutmarket.loadhtl.com\/porto\/wp-content\/uploads\/2024\/01\/TOM-PORTO_Vista-exterior_-1.jpg","medium_large-width":2000,"medium_large-height":915,"large":"https:\/\/timeoutmarket.loadhtl.com\/porto\/wp-content\/uploads\/2024\/01\/TOM-PORTO_Vista-exterior_-1-1024x468.jpg","large-width":640,"large-height":293,"1536x1536":"https:\/\/timeoutmarket.loadhtl.com\/porto\/wp-content\/uploads\/2024\/01\/TOM-PORTO_Vista-exterior_-1-1536x703.jpg","1536x1536-width":1536,"1536x1536-height":703,"2048x2048":"https:\/\/timeoutmarket.loadhtl.com\/porto\/wp-content\/uploads\/2024\/01\/TOM-PORTO_Vista-exterior_-1.jpg","2048x2048-width":2000,"2048x2048-height":915}}]},"_links":{"self":[{"href":"https:\/\/timeoutmarket.loadhtl.com\/porto\/wp-json\/wp\/v2\/pages\/85"}],"collection":[{"href":"https:\/\/timeoutmarket.loadhtl.com\/porto\/wp-json\/wp\/v2\/pages"}],"about":[{"href":"https:\/\/timeoutmarket.loadhtl.com\/porto\/wp-json\/wp\/v2\/types\/page"}],"author":[{"embeddable":true,"href":"https:\/\/timeoutmarket.loadhtl.com\/porto\/wp-json\/wp\/v2\/users\/1"}],"replies":[{"embeddable":true,"href":"https:\/\/timeoutmarket.loadhtl.com\/porto\/wp-json\/wp\/v2\/comments?post=85"}],"version-history":[{"count":2,"href":"https:\/\/timeoutmarket.loadhtl.com\/porto\/wp-json\/wp\/v2\/pages\/85\/revisions"}],"predecessor-version":[{"id":5630,"href":"https:\/\/timeoutmarket.loadhtl.com\/porto\/wp-json\/wp\/v2\/pages\/85\/revisions\/5630"}],"wp:featuredmedia":[{"embeddable":true,"href":"https:\/\/timeoutmarket.loadhtl.com\/porto\/wp-json\/wp\/v2\/media\/5414"}],"wp:attachment":[{"href":"https:\/\/timeoutmarket.loadhtl.com\/porto\/wp-json\/wp\/v2\/media?parent=85"}],"curies":[{"name":"wp","href":"https:\/\/api.w.org\/{rel}","templated":true}]}}