{"id":4480,"date":"2023-08-10T16:15:49","date_gmt":"2023-08-10T16:15:49","guid":{"rendered":"https:\/\/timeoutmarket.loadhtl.com\/porto\/?page_id=4480"},"modified":"2024-05-07T17:06:51","modified_gmt":"2024-05-07T17:06:51","slug":"politica-de-cookies","status":"publish","type":"page","link":"https:\/\/timeoutmarket.loadhtl.com\/porto\/politica-de-cookies\/","title":{"rendered":"Pol\u00edtica de Cookies"},"content":{"rendered":"<p class=\"p1\"><b>POL\u00cdTICA DE COOKIES<\/b><\/p>\r\n<p class=\"p3\">A Time Out e Time Out Market (coletivamente denominados &#8220;Time Out&#8221;) usam cookies no seu site www.timeout.com (&#8220;Website&#8221;) e www.timeoutmarket.com (&#8220;Website&#8221;). Abaixo, poder\u00e1 descobrir mais sobre cookies e como control\u00e1-los.<\/p>\r\n<p class=\"p3\">Ao utilizar o Website, considera-se que aceita a utiliza\u00e7\u00e3o de cookies de acordo com esta Pol\u00edtica de Cookies.<\/p>\r\n<p class=\"p3\">Se n\u00e3o aceitar a utiliza\u00e7\u00e3o de cookies, desative-os seguindo as instru\u00e7\u00f5es desta Pol\u00edtica de Cookies, usando a <span class=\"s1\">Cookie Consent Tool<\/span> (Ferramenta de Autoriza\u00e7\u00e3o de Cookies) ou alterando as configura\u00e7\u00f5es do seu navegador para que os cookies deste website n\u00e3o possam ser colocados no seu computador ou dispositivo m\u00f3vel.<\/p>\r\n<p class=\"p3\">Esta Pol\u00edtica de Cookies tamb\u00e9m dever\u00e1 ser lida em conjunto com a nossa Pol\u00edtica de Privacidade.<\/p>\r\n<p class=\"p3\"><b>O que \u00e9 um cookie?<\/b><\/p>\r\n<p class=\"p3\">Cookies s\u00e3o uma pequena quantidade de dados gerados por um site e transferidos para o seu computador ou dispositivo m\u00f3vel quando visita um site. Estes cookies s\u00e3o enviados de volta para o site de origem em cada visita subsequente ou para qualquer outro site visitado que reconhe\u00e7a tal cookie. Os cookies s\u00e3o \u00fateis porque permitem que um site reconhe\u00e7a o dispositivo de um utilizador.<\/p>\r\n<p class=\"p3\">Os cookies fazem muitos trabalhos diferentes. A utiliza\u00e7\u00e3o mais comum \u00e9 armazenar as informa\u00e7\u00f5es de in\u00edcio de sess\u00e3o de um utilizador num site espec\u00edfico, por exemplo o nome de utilizador e a palavra-passe depois de o utilizador fazer clique em &#8220;Recordar-me neste computador&#8221;, o que gera um cookie de in\u00edcio de sess\u00e3o.<\/p>\r\nAlguns cookies s\u00e3o usados por sites de com\u00e9rcio eletr\u00f3nico para armazenar itens colocados num carrinho de compras. Outros cookies permitem que navegue entre as p\u00e1ginas de modo eficiente, recordando as suas prefer\u00eancias e configura\u00e7\u00f5es de pesquisa e, em geral, melhorando a experi\u00eancia do utilizador.\r\n\r\nMuitos cookies recolhem informa\u00e7\u00f5es sobre como os visitantes usam um site como, por exemplo, que p\u00e1ginas os utilizadores visitam com mais frequ\u00eancia. Estes tamb\u00e9m ajudam a garantir que os an\u00fancios online sejam mais relevantes para o utilizador de um site e para os interesses do utilizador, criando o perfil do utilizador, que \u00e9 usado posteriormente para enviar mensagens de an\u00fancios de acordo com as prefer\u00eancias mostradas pelo utilizador durante a navega\u00e7\u00e3o na web.\r\n<p class=\"p3\"><b>\r\nComo controlar e excluir cookies atrav\u00e9s do navegador?<\/b><\/p>\r\n<p class=\"p3\">A capacidade de ativar, desativar ou excluir cookies poder\u00e1 ser conclu\u00edda no navegador. Para tal, siga as instru\u00e7\u00f5es fornecidas pelo seu navegador (geralmente localizadas em &#8220;Ajuda&#8221;, &#8220;Ferramentas&#8221; ou &#8220;Editar&#8221;).<\/p>\r\n<p class=\"p3\">Para obter mais informa\u00e7\u00f5es sobre cookies, incluindo como ver que cookies foram definidos no seu dispositivo e como os gerir e eliminar, visite <a href=\"http:\/\/www.allaboutcookies.org\/\"><span class=\"s2\">http:\/\/www.allaboutcookies.org\/<\/span><\/a>.<\/p>\r\n<p class=\"p3\">\u00c9 poss\u00edvel bloquear cookies ativando a configura\u00e7\u00e3o no seu navegador que permite recusar a configura\u00e7\u00e3o de todos ou alguns cookies. No entanto, se usar as configura\u00e7\u00f5es do seu navegador para bloquear todos os cookies (incluindo os cookies essenciais), poder\u00e1 n\u00e3o conseguir aceder ao nosso site ou a certas partes do mesmo e algumas partes poder\u00e3o n\u00e3o funcionar corretamente.<\/p>\r\n<p class=\"p3\"><b>Que cookies usamos?<\/b><\/p>\r\n<p class=\"p3\">Os tipos de cookies utilizados neste site podem ser classificados numa de quatro categorias, ou seja, cookies necess\u00e1rios, cookies estat\u00edsticos, cookies de prefer\u00eancias e cookies de marketing.<\/p>\r\n<p class=\"p3\">1. Cookies necess\u00e1rios\r\nEstes cookies s\u00e3o essenciais para permitir que navegue pelo site e use as suas funcionalidades como, por exemplo, o acesso a \u00e1reas seguras do site. Esta categoria de cookies n\u00e3o poder\u00e1 ser desativada. Podemos usar os seguintes cookies essenciais que poder\u00e3o ser encontrados na nossa <span class=\"s1\">Cookie Consent Tool<\/span>.<\/p>\r\n<p class=\"p3\">2. Cookies estat\u00edsticos\r\nEstes cookies recolhem informa\u00e7\u00f5es sobre como usa um site. Por exemplo, que p\u00e1ginas frequenta com mais frequ\u00eancia, que pesquisas realiza e se recebe mensagens de erro das p\u00e1ginas da Web visitadas. Estes cookies est\u00e3o associados ao seu navegador e poder\u00e3o estar vinculados a quaisquer informa\u00e7\u00f5es pessoais que possamos ter sobre si. Poder\u00e1 descobrir mais sobre estes cookies consultando a nossa <span class=\"s1\">Cookie Consent Tool<\/span>.<\/p>\r\n<p class=\"p3\">3. Cookies de prefer\u00eancias\r\nUtilizamos estes cookies para o reconhecer quando regressa ao nosso site, permitir que os widgets da Web funcionem corretamente e, eventualmente, recolher informa\u00e7\u00f5es adicionais sobre si. Isto permite-nos personalizar o nosso conte\u00fado para o cumprimentar usando o seu nome e recordarmos as suas prefer\u00eancias (por exemplo, a sua escolha de l\u00edngua ou regi\u00e3o). Poder\u00e1 descobrir mais sobre estes cookies consultando a nossa <span class=\"s1\">Cookie Consent Tool<\/span>.<\/p>\r\n<p class=\"p3\">4. Cookies de marketing\r\nEstes cookies registam a sua visita ao nosso site, as p\u00e1ginas que visitou e as liga\u00e7\u00f5es que seguiu. Usaremos estas informa\u00e7\u00f5es para tornar o nosso site e a publicidade exibida no mesmo mais relevantes para os seus interesses. Tamb\u00e9m podemos partilhar estas informa\u00e7\u00f5es com terceiros para este fim. Por favor, consulte a nossa <span class=\"s1\">Cookie Consent Tool<\/span> para saber mais sobre os cookies de merketing que usamos no nosso site.<\/p>\r\n<p class=\"p3\">Poder\u00e1 controlar e eliminar qualquer um dos cookies listados acima usando a <span class=\"s1\">Cookie Consent Tool<\/span> ou atrav\u00e9s das configura\u00e7\u00f5es do seu navegador, conforme descrito abaixo.<\/p>\r\n<p class=\"p3\">5. Redes sociais\r\nUtilizamos cookies para personalizar a sua intera\u00e7\u00e3o com sites de redes sociais, incluindo (mas n\u00e3o apenas), o Twitter, o Facebook, o Pinterest, o Instagram e o YouTube. Estes cookies reconhecem os utilizadores desses sites de redes sociais quando visualiza o conte\u00fado de redes sociais no nosso site. Estes tamb\u00e9m permitem partilhar conte\u00fado rapidamente nas redes sociais, atrav\u00e9s da utiliza\u00e7\u00e3o de bot\u00f5es simples de &#8220;partilha&#8221;.<\/p>\r\n<p class=\"p3\">6. Cookies de terceiros\r\nTenha em conta que terceiros (incluindo, por exemplo, redes de publicidade e fornecedores de servi\u00e7os externos, como servi\u00e7os de an\u00e1lise de tr\u00e1fego da Web) tamb\u00e9m poder\u00e3o usar cookies sobre os quais n\u00e3o temos controlo. \u00c9 prov\u00e1vel que estes cookies sejam anal\u00edticos, cookies de desempenho ou cookies de segmenta\u00e7\u00e3o.<\/p>\r\n<p class=\"p3\">7. Cookies definidos no passado\r\nSe tiver desativado um ou mais cookies, continuaremos a poder usar as informa\u00e7\u00f5es recolhidas a partir dos cookies antes de a sua prefer\u00eancia desativada ser definida; no entanto, deixaremos de usar o cookie desativado para recolher quaisquer informa\u00e7\u00f5es adicionais.<\/p>\r\n<p class=\"p3\">Para remover todas as informa\u00e7\u00f5es conhecidas sobre si nos nossos sistemas, envie um email para privacy@timeout.com<\/p>\r\n<p class=\"p3\">Esta Pol\u00edtica de Cookies foi revista a 2 de maio de 2024.<\/p>","protected":false},"excerpt":{"rendered":"POL\u00cdTICA DE COOKIES A Time Out e Time Out Market (coletivamente denominados &#8220;Time Out&#8221;) usam cookies no seu site www.timeout.com (&#8220;Website&#8221;) e www.timeoutmarket.com (&#8220;Website&#8221;). Abaixo, poder\u00e1 descobrir mais sobre cookies e como control\u00e1-los. Ao utilizar o Website, considera-se que aceita a utiliza\u00e7\u00e3o de cookies de acordo com esta Pol\u00edtica de Cookies. Se n\u00e3o aceitar a [&hellip;]","protected":false},"author":1,"featured_media":0,"parent":0,"menu_order":0,"comment_status":"closed","ping_status":"closed","template":"page-terms.php","meta":{"footnotes":""},"yoast_head":"<!-- This site is optimized with the Yoast SEO plugin v22.6 - https:\/\/yoast.com\/wordpress\/plugins\/seo\/ -->\n<title>Pol\u00edtica de Cookies | Time Out Market Porto<\/title>\n<meta name=\"description\" content=\"Descubra a Pol\u00edtica de Cookies do site Time Out Market Porto. Explicamos como utilizamos cookies para melhorar a sua experi\u00eancia de navega\u00e7\u00e3o no site.\" \/>\n<meta name=\"robots\" content=\"index, follow, max-snippet:-1, max-image-preview:large, max-video-preview:-1\" \/>\n<link rel=\"canonical\" href=\"https:\/\/timeoutmarket.loadhtl.com\/porto\/politica-de-cookies\/\" \/>\n<meta property=\"og:locale\" content=\"pt_PT\" \/>\n<meta property=\"og:type\" content=\"article\" \/>\n<meta property=\"og:title\" content=\"Pol\u00edtica de Cookies | Time Out Market Porto\" \/>\n<meta property=\"og:description\" content=\"Descubra a Pol\u00edtica de Cookies do site Time Out Market Porto. Explicamos como utilizamos cookies para melhorar a sua experi\u00eancia de navega\u00e7\u00e3o no site.\" \/>\n<meta property=\"og:url\" content=\"https:\/\/timeoutmarket.loadhtl.com\/porto\/politica-de-cookies\/\" \/>\n<meta property=\"og:site_name\" content=\"Time Out Market Porto\" \/>\n<meta property=\"article:publisher\" content=\"https:\/\/www.facebook.com\/TimeOutMarketLisboa\/\" \/>\n<meta property=\"article:modified_time\" content=\"2024-05-07T17:06:51+00:00\" \/>\n<meta name=\"twitter:card\" content=\"summary_large_image\" \/>\n<meta name=\"twitter:label1\" content=\"Tempo estimado de leitura\" \/>\n\t<meta name=\"twitter:data1\" content=\"6 minutos\" \/>\n<script type=\"application\/ld+json\" class=\"yoast-schema-graph\">{\"@context\":\"https:\/\/schema.org\",\"@graph\":[{\"@type\":\"WebPage\",\"@id\":\"https:\/\/timeoutmarket.loadhtl.com\/porto\/politica-de-cookies\/\",\"url\":\"https:\/\/timeoutmarket.loadhtl.com\/porto\/politica-de-cookies\/\",\"name\":\"Pol\u00edtica de Cookies | Time Out Market Porto\",\"isPartOf\":{\"@id\":\"https:\/\/timeoutmarket.loadhtl.com\/porto\/#website\"},\"datePublished\":\"2023-08-10T16:15:49+00:00\",\"dateModified\":\"2024-05-07T17:06:51+00:00\",\"description\":\"Descubra a Pol\u00edtica de Cookies do site Time Out Market Porto. Explicamos como utilizamos cookies para melhorar a sua experi\u00eancia de navega\u00e7\u00e3o no site.\",\"breadcrumb\":{\"@id\":\"https:\/\/timeoutmarket.loadhtl.com\/porto\/politica-de-cookies\/#breadcrumb\"},\"inLanguage\":\"pt-PT\",\"potentialAction\":[{\"@type\":\"ReadAction\",\"target\":[\"https:\/\/timeoutmarket.loadhtl.com\/porto\/politica-de-cookies\/\"]}]},{\"@type\":\"BreadcrumbList\",\"@id\":\"https:\/\/timeoutmarket.loadhtl.com\/porto\/politica-de-cookies\/#breadcrumb\",\"itemListElement\":[{\"@type\":\"ListItem\",\"position\":1,\"name\":\"Home\",\"item\":\"https:\/\/timeoutmarket.loadhtl.com\/porto\/\"},{\"@type\":\"ListItem\",\"position\":2,\"name\":\"Pol\u00edtica de Cookies\"}]},{\"@type\":\"WebSite\",\"@id\":\"https:\/\/timeoutmarket.loadhtl.com\/porto\/#website\",\"url\":\"https:\/\/timeoutmarket.loadhtl.com\/porto\/\",\"name\":\"Time Out Market Porto\",\"description\":\"O MELHOR DO PORTO DEBAIXO DO MESMO TECTO\",\"potentialAction\":[{\"@type\":\"SearchAction\",\"target\":{\"@type\":\"EntryPoint\",\"urlTemplate\":\"https:\/\/timeoutmarket.loadhtl.com\/porto\/?s={search_term_string}\"},\"query-input\":\"required name=search_term_string\"}],\"inLanguage\":\"pt-PT\"}]}<\/script>\n<!-- \/ Yoast SEO plugin. -->","yoast_head_json":{"title":"Pol\u00edtica de Cookies | Time Out Market Porto","description":"Descubra a Pol\u00edtica de Cookies do site Time Out Market Porto. Explicamos como utilizamos cookies para melhorar a sua experi\u00eancia de navega\u00e7\u00e3o no site.","robots":{"index":"index","follow":"follow","max-snippet":"max-snippet:-1","max-image-preview":"max-image-preview:large","max-video-preview":"max-video-preview:-1"},"canonical":"https:\/\/timeoutmarket.loadhtl.com\/porto\/politica-de-cookies\/","og_locale":"pt_PT","og_type":"article","og_title":"Pol\u00edtica de Cookies | Time Out Market Porto","og_description":"Descubra a Pol\u00edtica de Cookies do site Time Out Market Porto. Explicamos como utilizamos cookies para melhorar a sua experi\u00eancia de navega\u00e7\u00e3o no site.","og_url":"https:\/\/timeoutmarket.loadhtl.com\/porto\/politica-de-cookies\/","og_site_name":"Time Out Market Porto","article_publisher":"https:\/\/www.facebook.com\/TimeOutMarketLisboa\/","article_modified_time":"2024-05-07T17:06:51+00:00","twitter_card":"summary_large_image","twitter_misc":{"Tempo estimado de leitura":"6 minutos"},"schema":{"@context":"https:\/\/schema.org","@graph":[{"@type":"WebPage","@id":"https:\/\/timeoutmarket.loadhtl.com\/porto\/politica-de-cookies\/","url":"https:\/\/timeoutmarket.loadhtl.com\/porto\/politica-de-cookies\/","name":"Pol\u00edtica de Cookies | Time Out Market Porto","isPartOf":{"@id":"https:\/\/timeoutmarket.loadhtl.com\/porto\/#website"},"datePublished":"2023-08-10T16:15:49+00:00","dateModified":"2024-05-07T17:06:51+00:00","description":"Descubra a Pol\u00edtica de Cookies do site Time Out Market Porto. Explicamos como utilizamos cookies para melhorar a sua experi\u00eancia de navega\u00e7\u00e3o no site.","breadcrumb":{"@id":"https:\/\/timeoutmarket.loadhtl.com\/porto\/politica-de-cookies\/#breadcrumb"},"inLanguage":"pt-PT","potentialAction":[{"@type":"ReadAction","target":["https:\/\/timeoutmarket.loadhtl.com\/porto\/politica-de-cookies\/"]}]},{"@type":"BreadcrumbList","@id":"https:\/\/timeoutmarket.loadhtl.com\/porto\/politica-de-cookies\/#breadcrumb","itemListElement":[{"@type":"ListItem","position":1,"name":"Home","item":"https:\/\/timeoutmarket.loadhtl.com\/porto\/"},{"@type":"ListItem","position":2,"name":"Pol\u00edtica de Cookies"}]},{"@type":"WebSite","@id":"https:\/\/timeoutmarket.loadhtl.com\/porto\/#website","url":"https:\/\/timeoutmarket.loadhtl.com\/porto\/","name":"Time Out Market Porto","description":"O MELHOR DO PORTO DEBAIXO DO MESMO TECTO","potentialAction":[{"@type":"SearchAction","target":{"@type":"EntryPoint","urlTemplate":"https:\/\/timeoutmarket.loadhtl.com\/porto\/?s={search_term_string}"},"query-input":"required name=search_term_string"}],"inLanguage":"pt-PT"}]}},"publishpress_future_action":{"enabled":false,"date":"2026-05-09 19:02:09","action":"change-status","newStatus":"draft","terms":[],"taxonomy":""},"acf":false,"_links":{"self":[{"href":"https:\/\/timeoutmarket.loadhtl.com\/porto\/wp-json\/wp\/v2\/pages\/4480"}],"collection":[{"href":"https:\/\/timeoutmarket.loadhtl.com\/porto\/wp-json\/wp\/v2\/pages"}],"about":[{"href":"https:\/\/timeoutmarket.loadhtl.com\/porto\/wp-json\/wp\/v2\/types\/page"}],"author":[{"embeddable":true,"href":"https:\/\/timeoutmarket.loadhtl.com\/porto\/wp-json\/wp\/v2\/users\/1"}],"replies":[{"embeddable":true,"href":"https:\/\/timeoutmarket.loadhtl.com\/porto\/wp-json\/wp\/v2\/comments?post=4480"}],"version-history":[{"count":2,"href":"https:\/\/timeoutmarket.loadhtl.com\/porto\/wp-json\/wp\/v2\/pages\/4480\/revisions"}],"predecessor-version":[{"id":5801,"href":"https:\/\/timeoutmarket.loadhtl.com\/porto\/wp-json\/wp\/v2\/pages\/4480\/revisions\/5801"}],"wp:attachment":[{"href":"https:\/\/timeoutmarket.loadhtl.com\/porto\/wp-json\/wp\/v2\/media?parent=4480"}],"curies":[{"name":"wp","href":"https:\/\/api.w.org\/{rel}","templated":true}]}}