{"id":4463,"date":"2019-07-02T10:19:13","date_gmt":"2019-07-02T10:19:13","guid":{"rendered":"https:\/\/timeoutmarket.loadhtl.com\/porto\/shows-events\/"},"modified":"2024-05-07T17:01:04","modified_gmt":"2024-05-07T17:01:04","slug":"eventos","status":"publish","type":"page","link":"https:\/\/timeoutmarket.loadhtl.com\/porto\/eventos\/","title":{"rendered":"Eventos"},"content":{"rendered":"Se no food hall est\u00e1 representado o melhor que se pode comer e beber no Porto, o mesmo se aplica a todos os eventos e espect\u00e1culos que o Time Out Market acolhe. Os melhores eventos da cidade, escolhidos e aprovados pela curadoria da marca, est\u00e3o aqui. Fique a par de tudo o que se passa.","protected":false},"excerpt":{"rendered":"Se no food hall est\u00e1 representado o melhor que se pode comer e beber no Porto, o mesmo se aplica a todos os eventos e espect\u00e1culos que o Time Out Market acolhe. Os melhores eventos da cidade, escolhidos e aprovados pela curadoria da marca, est\u00e3o aqui. Fique a par de tudo o que se passa.","protected":false},"author":1,"featured_media":0,"parent":0,"menu_order":0,"comment_status":"closed","ping_status":"closed","template":"timeout_events_shows.php","meta":{"footnotes":""},"yoast_head":"<!-- This site is optimized with the Yoast SEO plugin v22.6 - https:\/\/yoast.com\/wordpress\/plugins\/seo\/ -->\n<title>Agenda de Eventos Culturais | Time Out Market Porto<\/title>\n<meta name=\"description\" content=\"Descubra aqui todos os pr\u00f3ximos eventos e espect\u00e1culos no Time Out Market Porto. A jun\u00e7\u00e3o perfeita entre o bom entretenimento, cultura e a melhor gastronomia!\" \/>\n<meta name=\"robots\" content=\"index, follow, max-snippet:-1, max-image-preview:large, max-video-preview:-1\" \/>\n<link rel=\"canonical\" href=\"https:\/\/timeoutmarket.loadhtl.com\/porto\/eventos\/\" \/>\n<meta property=\"og:locale\" content=\"pt_PT\" \/>\n<meta property=\"og:type\" content=\"article\" \/>\n<meta property=\"og:title\" content=\"Agenda de Eventos Culturais | Time Out Market Porto\" \/>\n<meta property=\"og:description\" content=\"Descubra aqui todos os pr\u00f3ximos eventos e espect\u00e1culos no Time Out Market Porto. A jun\u00e7\u00e3o perfeita entre o bom entretenimento, cultura e a melhor gastronomia!\" \/>\n<meta property=\"og:url\" content=\"https:\/\/timeoutmarket.loadhtl.com\/porto\/eventos\/\" \/>\n<meta property=\"og:site_name\" content=\"Time Out Market Porto\" \/>\n<meta property=\"article:publisher\" content=\"https:\/\/www.facebook.com\/TimeOutMarketLisboa\/\" \/>\n<meta property=\"article:modified_time\" content=\"2024-05-07T17:01:04+00:00\" \/>\n<meta name=\"twitter:card\" content=\"summary_large_image\" \/>\n<meta name=\"twitter:label1\" content=\"Tempo estimado de leitura\" \/>\n\t<meta name=\"twitter:data1\" content=\"1 minuto\" \/>\n<script type=\"application\/ld+json\" class=\"yoast-schema-graph\">{\"@context\":\"https:\/\/schema.org\",\"@graph\":[{\"@type\":\"WebPage\",\"@id\":\"https:\/\/timeoutmarket.loadhtl.com\/porto\/eventos\/\",\"url\":\"https:\/\/timeoutmarket.loadhtl.com\/porto\/eventos\/\",\"name\":\"Agenda de Eventos Culturais | Time Out Market Porto\",\"isPartOf\":{\"@id\":\"https:\/\/timeoutmarket.loadhtl.com\/porto\/#website\"},\"datePublished\":\"2019-07-02T10:19:13+00:00\",\"dateModified\":\"2024-05-07T17:01:04+00:00\",\"description\":\"Descubra aqui todos os pr\u00f3ximos eventos e espect\u00e1culos no Time Out Market Porto. A jun\u00e7\u00e3o perfeita entre o bom entretenimento, cultura e a melhor gastronomia!\",\"breadcrumb\":{\"@id\":\"https:\/\/timeoutmarket.loadhtl.com\/porto\/eventos\/#breadcrumb\"},\"inLanguage\":\"pt-PT\",\"potentialAction\":[{\"@type\":\"ReadAction\",\"target\":[\"https:\/\/timeoutmarket.loadhtl.com\/porto\/eventos\/\"]}]},{\"@type\":\"BreadcrumbList\",\"@id\":\"https:\/\/timeoutmarket.loadhtl.com\/porto\/eventos\/#breadcrumb\",\"itemListElement\":[{\"@type\":\"ListItem\",\"position\":1,\"name\":\"Home\",\"item\":\"https:\/\/timeoutmarket.loadhtl.com\/porto\/\"},{\"@type\":\"ListItem\",\"position\":2,\"name\":\"Eventos\"}]},{\"@type\":\"WebSite\",\"@id\":\"https:\/\/timeoutmarket.loadhtl.com\/porto\/#website\",\"url\":\"https:\/\/timeoutmarket.loadhtl.com\/porto\/\",\"name\":\"Time Out Market Porto\",\"description\":\"O MELHOR DO PORTO DEBAIXO DO MESMO TECTO\",\"potentialAction\":[{\"@type\":\"SearchAction\",\"target\":{\"@type\":\"EntryPoint\",\"urlTemplate\":\"https:\/\/timeoutmarket.loadhtl.com\/porto\/?s={search_term_string}\"},\"query-input\":\"required name=search_term_string\"}],\"inLanguage\":\"pt-PT\"}]}<\/script>\n<!-- \/ Yoast SEO plugin. -->","yoast_head_json":{"title":"Agenda de Eventos Culturais | Time Out Market Porto","description":"Descubra aqui todos os pr\u00f3ximos eventos e espect\u00e1culos no Time Out Market Porto. A jun\u00e7\u00e3o perfeita entre o bom entretenimento, cultura e a melhor gastronomia!","robots":{"index":"index","follow":"follow","max-snippet":"max-snippet:-1","max-image-preview":"max-image-preview:large","max-video-preview":"max-video-preview:-1"},"canonical":"https:\/\/timeoutmarket.loadhtl.com\/porto\/eventos\/","og_locale":"pt_PT","og_type":"article","og_title":"Agenda de Eventos Culturais | Time Out Market Porto","og_description":"Descubra aqui todos os pr\u00f3ximos eventos e espect\u00e1culos no Time Out Market Porto. A jun\u00e7\u00e3o perfeita entre o bom entretenimento, cultura e a melhor gastronomia!","og_url":"https:\/\/timeoutmarket.loadhtl.com\/porto\/eventos\/","og_site_name":"Time Out Market Porto","article_publisher":"https:\/\/www.facebook.com\/TimeOutMarketLisboa\/","article_modified_time":"2024-05-07T17:01:04+00:00","twitter_card":"summary_large_image","twitter_misc":{"Tempo estimado de leitura":"1 minuto"},"schema":{"@context":"https:\/\/schema.org","@graph":[{"@type":"WebPage","@id":"https:\/\/timeoutmarket.loadhtl.com\/porto\/eventos\/","url":"https:\/\/timeoutmarket.loadhtl.com\/porto\/eventos\/","name":"Agenda de Eventos Culturais | Time Out Market Porto","isPartOf":{"@id":"https:\/\/timeoutmarket.loadhtl.com\/porto\/#website"},"datePublished":"2019-07-02T10:19:13+00:00","dateModified":"2024-05-07T17:01:04+00:00","description":"Descubra aqui todos os pr\u00f3ximos eventos e espect\u00e1culos no Time Out Market Porto. A jun\u00e7\u00e3o perfeita entre o bom entretenimento, cultura e a melhor gastronomia!","breadcrumb":{"@id":"https:\/\/timeoutmarket.loadhtl.com\/porto\/eventos\/#breadcrumb"},"inLanguage":"pt-PT","potentialAction":[{"@type":"ReadAction","target":["https:\/\/timeoutmarket.loadhtl.com\/porto\/eventos\/"]}]},{"@type":"BreadcrumbList","@id":"https:\/\/timeoutmarket.loadhtl.com\/porto\/eventos\/#breadcrumb","itemListElement":[{"@type":"ListItem","position":1,"name":"Home","item":"https:\/\/timeoutmarket.loadhtl.com\/porto\/"},{"@type":"ListItem","position":2,"name":"Eventos"}]},{"@type":"WebSite","@id":"https:\/\/timeoutmarket.loadhtl.com\/porto\/#website","url":"https:\/\/timeoutmarket.loadhtl.com\/porto\/","name":"Time Out Market Porto","description":"O MELHOR DO PORTO DEBAIXO DO MESMO TECTO","potentialAction":[{"@type":"SearchAction","target":{"@type":"EntryPoint","urlTemplate":"https:\/\/timeoutmarket.loadhtl.com\/porto\/?s={search_term_string}"},"query-input":"required name=search_term_string"}],"inLanguage":"pt-PT"}]}},"publishpress_future_action":{"enabled":false,"date":"2026-05-09 17:51:00","action":"change-status","newStatus":"draft","terms":[],"taxonomy":""},"acf":false,"_links":{"self":[{"href":"https:\/\/timeoutmarket.loadhtl.com\/porto\/wp-json\/wp\/v2\/pages\/4463"}],"collection":[{"href":"https:\/\/timeoutmarket.loadhtl.com\/porto\/wp-json\/wp\/v2\/pages"}],"about":[{"href":"https:\/\/timeoutmarket.loadhtl.com\/porto\/wp-json\/wp\/v2\/types\/page"}],"author":[{"embeddable":true,"href":"https:\/\/timeoutmarket.loadhtl.com\/porto\/wp-json\/wp\/v2\/users\/1"}],"replies":[{"embeddable":true,"href":"https:\/\/timeoutmarket.loadhtl.com\/porto\/wp-json\/wp\/v2\/comments?post=4463"}],"version-history":[{"count":1,"href":"https:\/\/timeoutmarket.loadhtl.com\/porto\/wp-json\/wp\/v2\/pages\/4463\/revisions"}],"predecessor-version":[{"id":5631,"href":"https:\/\/timeoutmarket.loadhtl.com\/porto\/wp-json\/wp\/v2\/pages\/4463\/revisions\/5631"}],"wp:attachment":[{"href":"https:\/\/timeoutmarket.loadhtl.com\/porto\/wp-json\/wp\/v2\/media?parent=4463"}],"curies":[{"name":"wp","href":"https:\/\/api.w.org\/{rel}","templated":true}]}}