{"id":82,"date":"2016-05-13T19:09:11","date_gmt":"2016-05-13T19:09:11","guid":{"rendered":"http:\/\/www.timeoutmarket.com\/?page_id=82"},"modified":"2022-07-21T09:19:43","modified_gmt":"2022-07-21T09:19:43","slug":"home-2","status":"publish","type":"page","link":"https:\/\/timeoutmarket.loadhtl.com\/lisboa\/","title":{"rendered":"Home"},"content":{"rendered":"","protected":false},"excerpt":{"rendered":"","protected":false},"author":1,"featured_media":0,"parent":0,"menu_order":0,"comment_status":"closed","ping_status":"closed","template":"page-home.php","meta":{"amp_status":""},"acf":{"subtitulo_1":"Quem somos","titulo_1":"TIME OUT MARKET","imagem_1":"https:\/\/timeoutmarket.loadhtl.com\/lisboa\/wp-content\/uploads\/2017\/03\/conceito_1-1.jpg","subtitulo_2":"A n\u00e3o perder","titulo_2":"Agenda","imagem_2":"https:\/\/timeoutmarket.loadhtl.com\/lisboa\/wp-content\/uploads\/2016\/05\/studio.jpeg","subtitulo_3":"Conhe\u00e7a as nossas bancas","titulo_3":"COMER&BEBER","titulo_texto_3":"PROVADO E APROVADO","texto_3":"<p>J\u00e1 alguma vez ouviu falar em curadoria de hamb\u00fargueres, nigiri, pizzas, bifes, pregos, bacalhau -  \u00e0 br\u00e1s e n\u00e3o s\u00f3? \u00c9 natural. Afinal de contas, o Time Out Market de Lisboa foi o primeiro mercado do mundo onde\u2026<\/p>\n","imagem_3":"https:\/\/timeoutmarket.loadhtl.com\/lisboa\/wp-content\/uploads\/2016\/05\/comer-e-beber.jpeg","imagem_3_mobile":"https:\/\/timeoutmarket.loadhtl.com\/lisboa\/wp-content\/uploads\/2016\/05\/comer_mobile-1.jpg"},"_links":{"self":[{"href":"https:\/\/timeoutmarket.loadhtl.com\/lisboa\/wp-json\/wp\/v2\/pages\/82"}],"collection":[{"href":"https:\/\/timeoutmarket.loadhtl.com\/lisboa\/wp-json\/wp\/v2\/pages"}],"about":[{"href":"https:\/\/timeoutmarket.loadhtl.com\/lisboa\/wp-json\/wp\/v2\/types\/page"}],"author":[{"embeddable":true,"href":"https:\/\/timeoutmarket.loadhtl.com\/lisboa\/wp-json\/wp\/v2\/users\/1"}],"replies":[{"embeddable":true,"href":"https:\/\/timeoutmarket.loadhtl.com\/lisboa\/wp-json\/wp\/v2\/comments?post=82"}],"version-history":[{"count":1179,"href":"https:\/\/timeoutmarket.loadhtl.com\/lisboa\/wp-json\/wp\/v2\/pages\/82\/revisions"}],"predecessor-version":[{"id":9958,"href":"https:\/\/timeoutmarket.loadhtl.com\/lisboa\/wp-json\/wp\/v2\/pages\/82\/revisions\/9958"}],"wp:attachment":[{"href":"https:\/\/timeoutmarket.loadhtl.com\/lisboa\/wp-json\/wp\/v2\/media?parent=82"}],"curies":[{"name":"wp","href":"https:\/\/api.w.org\/{rel}","templated":true}]}}