{"id":1821,"date":"2017-01-02T17:43:25","date_gmt":"2017-01-02T17:43:25","guid":{"rendered":"http:\/\/www.timeoutmarket.com\/?page_id=1821"},"modified":"2020-04-29T14:27:30","modified_gmt":"2020-04-29T14:27:30","slug":"politica-de-cookies","status":"publish","type":"page","link":"https:\/\/timeoutmarket.loadhtl.com\/lisboa\/politica-de-cookies\/","title":{"rendered":"Pol\u00edtica de Cookies"},"content":{"rendered":"<p style=\"font-family: Arial, sans-serif;\"><strong>POL\u00cdTiCA DE COOKIES DA TIME OUT <\/strong><\/p>\r\nA Time Out e a Time Out Market (referidas coletivamente como \u201c<strong>Time Out<\/strong>\u201d) usam cookies nos respetivos websites <a href=\"https:\/\/www.timeout.com\" target=\"_blank\" rel=\"noopener\">www.timeout.com<\/a> e <a href=\"https:\/\/www.timeoutmarket.com\" target=\"_blank\" rel=\"noopener\">www.timeoutmarket.com<\/a> (\u201c<strong>Website<\/strong>\u201d). Abaixo, pode encontrar mais informa\u00e7\u00f5es sobre cookies como os controlar.\r\n\r\nAo usar o Website, o utilizador aceitar a utiliza\u00e7\u00e3o de cookies em conformidade com a presente Pol\u00edtica de Cookies.\r\n\r\nSe o utilizador n\u00e3o aceitar o uso de cookies, desative-os seguindo as instru\u00e7\u00f5es na presente Pol\u00edtica de Cookies, usando a <a href=\"http:\/\/info.evidon.com\/pub_info\/8266?v=1&amp;amp;nt=1&amp;amp;nw=false\" target=\"_blank\" rel=\"noopener\">Ferramenta de Consentimento de Cookies<\/a> ou alterando as defini\u00e7\u00f5es do navegador para que os cookies do Website n\u00e3o sejam introduzidas no computador ou dispositivo m\u00f3vel do utilizador.\r\n\r\nA presente Pol\u00edtica de Cookies deve ser consultada em conjunto com a Declara\u00e7\u00e3o de Privacidade Online e com os nossos Termos de Utiliza\u00e7\u00e3o do Website.\r\n<p style=\"font-family: Arial, sans-serif;\"><strong>O que \u00e9 um cookie?<\/strong><\/p>\r\nOs cookies s\u00e3o pequenas quantidades de dados gerados por um website e transferidos para o computador ou dispositivo m\u00f3vel do utilizador quando o utilizador visita um website. Os cookies s\u00e3o enviados de volta para o website de origem em cada visita posterior, ou para qualquer outro website visitado que reconhe\u00e7a esse cookie. Os cookies s\u00e3o \u00fateis porque permitem a um website reconhecer o dispositivo do utilizador.\r\n\r\nOs cookies desempenham v\u00e1rias fun\u00e7\u00f5es. A utiliza\u00e7\u00e3o mais comum consiste em armazenar as informa\u00e7\u00f5es de in\u00edcio de sess\u00e3o do utilizador num site espec\u00edfico. Por exemplo, nome de utilizador e palavra-passe ap\u00f3s o utilizador clicar em \u201cLembrar-me neste computador\u201d, o que gera um cookie de in\u00edcio de sess\u00e3o. Alguns cookies s\u00e3o usados por sites de com\u00e9rcio eletr\u00f3nico para introduzir artigos num carrinho de compras. Outros cookies permitem ao utilizador navegar entre p\u00e1ginas de forma eficiente, memorizando as prefer\u00eancias e defini\u00e7\u00f5es de pesquisa do utilizador, e melhorando, de forma geral, a experi\u00eancia do utilizador. Muitos cookies recolhem informa\u00e7\u00f5es sobre como os visitantes usam um website. Por exemplo, quais as p\u00e1ginas que os utilizadores visitam mais frequentemente. Tamb\u00e9m ajudam a assegurar que os an\u00fancios online s\u00e3o mais relevantes para um utilizador de um website e para os interesses do utilizador, criando o perfil do utilizador, que mais tarde \u00e9 usado para enviar mensagens publicit\u00e1rias em conformidade com as prefer\u00eancias mostradas pelo utilizador na navega\u00e7\u00e3o da Internet.\r\n<p style=\"font-family: Arial, sans-serif;\"><strong>Como controlar e eliminar cookies pelo navegador<\/strong><\/p>\r\nPode ativar, desativar ou eliminar cookies pelo navegador. Para o fazer, siga as instru\u00e7\u00f5es disponibilizadas pelo navegador do utilizador (geralmente, localizado na sec\u00e7\u00e3o \u201cAjuda\u201d, \u201cFerramentas\u201d ou \u201cEditar\u201d). Desativar um cookie ou categoria de cookies n\u00e3o eliminar o cookie do navegador do utilizador; o utilizador ter\u00e1 de o fazer por si no navegador.\r\n\r\nPara mais informa\u00e7\u00f5es sobre cookies, incluindo como ver que cookies foram introduzidos no dispositivo do utilizador e como os gerir e eliminar, visite <a href=\"https:\/\/www.allaboutcookies.org\/\" target=\"_blank\" rel=\"noopener\">www.allaboutcookies.org<\/a>.\r\n\r\nO utilizador bloqueia cookies ativando a defini\u00e7\u00e3o para tal no navegador do utilizador, o que permite ao utilizador revogar a introdu\u00e7\u00e3o de alguns ou de todos os cookies. No entanto, se o utilizador recorrer \u00e0s defini\u00e7\u00f5es do navegador para bloquear todos os cookies (incluindo cookies essenciais), o utilizador pode n\u00e3o conseguir aceder ao nosso Website de todo ou a determinadas partes do nosso Website podem n\u00e3o funcionar devidamente.\r\n<p style=\"font-family: Arial, sans-serif;\"><strong>Que cookies usamos no Website da Time Out?<\/strong><\/p>\r\nOs tipos de cookies usados neste Website podem ser classificados numa de quatro categorias, nomeadamente Cookies Essenciais, Cookies de An\u00e1lise, Cookies de Personaliza\u00e7\u00e3o e Cookies Publicit\u00e1rios.\r\n<p style=\"font-family: Arial, sans-serif;\"><strong>1. Cookies Essenciais<\/strong><\/p>\r\nEstes cookies s\u00e3o fundamentais para permitir que o utilizador navegue pelo Website e use as suas funcionalidades, tais como aceder a \u00e1reas seguras do Website. Esta categoria de cookies n\u00e3o pode ser desativada. Podemos usar os seguintes Cookies Essenciais, que podem ser encontrados na nossa <a href=\"https:\/\/info.evidon.com\/pub_info\/8266?v=1&amp;amp;nt=1&amp;amp;nw=false\" target=\"_blank\" rel=\"noopener\">Ferramenta de Consentimento de Cookies<\/a>.\r\n<p style=\"font-family: Arial, sans-serif;\"><strong>2. Cookies de An\u00e1lise<\/strong><\/p>\r\nEstes cookies recolhem informa\u00e7\u00f5es sobre como usamos um website. Por exemplo, que p\u00e1ginas visita frequentemente, quais as pesquisas que realiza e se recebe mensagens de erro de p\u00e1ginas web visitadas. Estes cookies est\u00e3o associados ao navegador da Internet do utilizador e podem estar ligados a informa\u00e7\u00f5es pessoais que tenhamos sobre o utilizador.\r\n\r\nO nosso Website usa servi\u00e7os de An\u00e1lise da Adobe. As informa\u00e7\u00f5es recolhidas pelos cookies da Adobe ser\u00e3o transmitidas para e armazenadas nos servidores da Adobe na Europa e em qualquer outra localiza\u00e7\u00e3o em que se encontrem, de acordo com as respetivas pr\u00e1ticas de privacidade. Para ter uma vis\u00e3o geral da privacidade na Adobe e como estes aspetos se aplicam \u00e0 Adobe, visite\u00a0<a href=\"https:\/\/www.adobe.com\/pt\/privacy.html\">www.adobe.com\/pt\/privacy.html<\/a>\u00a0O utilizador pode revogar os cookies de An\u00e1lise da Adobe, usando a nossa <a href=\"https:\/\/info.evidon.com\/pub_info\/8266?v=1&amp;amp;nt=1&amp;amp;nw=false\" target=\"_blank\" rel=\"noopener\">Ferramenta de Consentimento de Cookies<\/a>.\r\n<p style=\"font-family: Arial, sans-serif;\"><strong>3. Cookies de Personaliza\u00e7\u00e3o<\/strong><\/p>\r\nA Time Out usa cookies para reconhecer o utilizador quando o utilizador regressa ao nosso Website, que permitem que as widgets Web funcionem corretamente e podem recolher informa\u00e7\u00f5es adicionais sobre o utilizador. Tal permite que personalizemos o nosso conte\u00fado para o utilizador, tratemos o utilizador pelo seu nome e nos lembremos das prefer\u00eancias do utilizador (por exemplo, a prefer\u00eancia de idioma ou regi\u00e3o do utilizador). O utilizador pode obter mais informa\u00e7\u00f5es sobre estes cookies lendo a nossa <a href=\"https:\/\/info.evidon.com\/pub_info\/8266?v=1&amp;amp;nt=1&amp;amp;nw=false\" target=\"_blank\" rel=\"noopener\">Ferramenta de Consentimento de Cookies<\/a>.\r\n<p style=\"font-family: Arial, sans-serif;\"><strong>4. Cookies Publicit\u00e1rios<\/strong><\/p>\r\nEstes cookies registam a visita do utilizador ao nosso Website, as p\u00e1ginas que o utilizador visitou e as liga\u00e7\u00f5es a que o utilizador acedeu. Iremos usar estas informa\u00e7\u00f5es para tornar o nosso Website e a publicidade nele apresentada mais relevante para os interesses do utilizador. Podemos tamb\u00e9m partilhar estas informa\u00e7\u00f5es com terceiros para o mesmo fim. Leia a nossa <a href=\"https:\/\/info.evidon.com\/pub_info\/8266?v=1&amp;amp;nt=1&amp;amp;nw=false\" target=\"_blank\" rel=\"noopener\">Ferramenta de Consentimento de Cookies<\/a> para saber mais sobre os cookies publicit\u00e1rios que usamos no nosso Website.\r\n\r\nO utilizador pode controlar e eliminar todos os cookies supralistados, usando a <a href=\"http:\/\/info.evidon.com\/pub_info\/8266?v=1&amp;amp;nt=1&amp;amp;nw=false\" target=\"_blank\" rel=\"noopener\">Ferramenta de Consentimento de Cookies<\/a> ou atrav\u00e9s das defini\u00e7\u00f5es do navegador, conforme \u00e9 descrito infra.\r\n<p style=\"font-family: Arial, sans-serif;\"><strong>5. Redes Sociais<\/strong><\/p>\r\nUsamos cookies para personalizar a intera\u00e7\u00e3o do utilizador com os sites de redes sociais, incluindo, mas n\u00e3o limitados ao Twitter, Facebook, Pinterest, Instagram e YouTube. Os referidos cookies reconhecem os utilizadores dos sites de redes sociais quando o utilizador visualiza conte\u00fados de redes sociais no nosso Website. Tamb\u00e9m permitem que o utilizador partilhe rapidamente conte\u00fados em todas as redes sociais, atrav\u00e9s de simples bot\u00f5es de partilha.\r\n<p style=\"font-family: Arial, sans-serif;\"><strong>6. Cookies de Terceiros<\/strong><\/p>\r\nOs terceiros (incluindo, por exemplo, redes de publicidade e fornecedores de servi\u00e7os externos como servi\u00e7os de an\u00e1lise de tr\u00e1fego da Internet) tamb\u00e9m podem usar cookies sobre os quais n\u00e3o temos qualquer controlo. Estes cookies s\u00e3o provavelmente anal\u00edticos, de desempenho ou de direcionamento.\r\n<p style=\"font-family: Arial, sans-serif;\"><strong>7. Cookies que tenham sido introduzidos anteriormente<\/strong><\/p>\r\nSe o utilizador tiver desativado um ou mais cookies, poderemos usar as informa\u00e7\u00f5es recolhidas pelos cookies antes de definir as prefer\u00eancias de desativa\u00e7\u00e3o. No entanto, iremos interromper a recolha de informa\u00e7\u00f5es por parte do cookie desativado.\r\n\r\nPara remover todas as informa\u00e7\u00f5es conhecidas sobre o utilizador dos sistemas da Time Out, envie um e-mail para\u00a0<a href=\"mailto:privacy@timeout.com\" target=\"_blank\" rel=\"noopener\">privacy@timeout.com<\/a>.\r\n<p style=\"font-family: Arial, sans-serif;\"><strong>8. Validade<\/strong><\/p>\r\nA maioria dos nossos cookies t\u00eam uma validade de 30 dias, embora alguns possam durar at\u00e9 tr\u00eas anos.\r\n\r\nA presente Pol\u00edtica de Cookies foi revista em 31 de Janeiro de 2019.","protected":false},"excerpt":{"rendered":"POL\u00cdTiCA DE COOKIES DA TIME OUT A Time Out e a Time Out Market (referidas coletivamente como \u201cTime Out\u201d) usam cookies nos respetivos websites www.timeout.com e www.timeoutmarket.com (\u201cWebsite\u201d). Abaixo, pode encontrar mais informa\u00e7\u00f5es sobre cookies como os controlar. Ao usar o Website, o utilizador aceitar a utiliza\u00e7\u00e3o de cookies em conformidade com a presente Pol\u00edtica [&hellip;]","protected":false},"author":1,"featured_media":0,"parent":0,"menu_order":0,"comment_status":"closed","ping_status":"closed","template":"page-terms.php","meta":{"amp_status":""},"acf":[],"_links":{"self":[{"href":"https:\/\/timeoutmarket.loadhtl.com\/lisboa\/wp-json\/wp\/v2\/pages\/1821"}],"collection":[{"href":"https:\/\/timeoutmarket.loadhtl.com\/lisboa\/wp-json\/wp\/v2\/pages"}],"about":[{"href":"https:\/\/timeoutmarket.loadhtl.com\/lisboa\/wp-json\/wp\/v2\/types\/page"}],"author":[{"embeddable":true,"href":"https:\/\/timeoutmarket.loadhtl.com\/lisboa\/wp-json\/wp\/v2\/users\/1"}],"replies":[{"embeddable":true,"href":"https:\/\/timeoutmarket.loadhtl.com\/lisboa\/wp-json\/wp\/v2\/comments?post=1821"}],"version-history":[{"count":19,"href":"https:\/\/timeoutmarket.loadhtl.com\/lisboa\/wp-json\/wp\/v2\/pages\/1821\/revisions"}],"predecessor-version":[{"id":7357,"href":"https:\/\/timeoutmarket.loadhtl.com\/lisboa\/wp-json\/wp\/v2\/pages\/1821\/revisions\/7357"}],"wp:attachment":[{"href":"https:\/\/timeoutmarket.loadhtl.com\/lisboa\/wp-json\/wp\/v2\/media?parent=1821"}],"curies":[{"name":"wp","href":"https:\/\/api.w.org\/{rel}","templated":true}]}}